**2 - 6*z. Let r be h(6). Let q(d) = 2*d + 9 + r*d - 8. Let p(j) = j**3 + 7*j**2 - 7*j + 9. Let v be p(-8). Give q(v).
3
Let a(v) be the third derivative of v**4/24 + 13*v**3/6 - 10*v**2. Calculate a(-8).
5
Let u(d) = -7*d**3 + d**2. Let m be u(1). Let z = -9 + 13. Let v(i) = z*i - 5*i + 1 + 6*i + i**2 - 8. Determine v(m).
-1
Suppose 4*j = y + j - 10, 0 = 5*y - j - 8. Let f(h) = 4*h**2 - 2*h + 1. Calculate f(y).
3
Let v = 16 + -8. Let x be 6*-1*(-4)/v. Let q(c) = 4*c - 5. Let m(g) = g - 1. Let i(n) = 3*m(n) - q(n). Calculate i(x).
-1
Let p(h) = h**2 - 6*h + 2. Let f = 11 - 7. What is p(f)?
-6
Let c(s) = -7 - 9*s + s + 2*s. Let y(g) = -g - 1. Let h(r) = 3*r + 3. Let x(l) = 2*h(l) + 5*y(l). Let v(o) = -c(o) - 4*x(o). What is v(-4)?
-5
Let f(k) = -5*k**2 - 2*k - 1. Suppose 4*y + 0*v + 18 = 2*v, 0 = 3*y - 3*v + 15. Let m = 8 + y. Suppose -m + 2 = 2*o. Calculate f(o).
-4
Let n(h) = h**3 - 2*h**2 + 1. Let p be n(1). Let x(i) = 2*i + p - 3 + 2. Give x(-3).
-7
Let k(m) = -m**3 - 6*m + 4*m**2 - 10*m**2 + 3*m + 3. Determine k(-5).
-7
Let a(v) = -9*v + 6. Suppose -5*x = -5*d - 20, -5*x - 5*d + 9 = -1. Let m(w) = 2*w - x*w - 7 + 11*w. Let i(f) = -6*a(f) - 5*m(f). Calculate i(2).
7
Let p(w) = w**4 - 3*w**2 - 5*w + 6. Let y(j) = -j**2 - j + 1. Let h(o) = -p(o) + 4*y(o). Let n(z) be the first derivative of h(z). Determine n(1).
-5
Let n = 8 - 13. Let v(t) = 2*t - 13. Suppose -2*b + 5*d = 2*b - 2, 5*d - 25 = -5*b. Let i(p) = -5*p + 27. Let w(u) = b*i(u) + 7*v(u). Determine w(n).
-5
Suppose 14*u + 16 = 10*u. Let c(b) = 3 - b - 5 + 0. Calculate c(u).
2
Let c(i) = -5*i - 2 - 2*i**3 + 3*i**2 + 4 + 3*i**3 + 6*i. Determine c(-4).
-18
Let i(u) be the first derivative of u**4/4 + u**3/3 - 3*u + 2. Let r be i(0). Let y(q) be the second derivative of -q**4/12 - q**3/6 - 2*q. Calculate y(r).
-6
Let a(j) = j**3 - 2*j**2 - 5*j - 3. Let t(d) = d**3 - 2*d**2 - 6*d - 3. Let z(r) = -4*a(r) + 3*t(r). Let c(o) = -3*o - 9. Let n be c(-4). Give z(n).
0
Let l(r) = r**3 + 6*r**2 + 5*r + 5. Let w(x) be the third derivative of -x**4/12 + 3*x**3/2 + 6*x**2. Let k be w(7). Give l(k).
5
Let v = 0 + -4. Let d(i) = -9*i**3 - 13*i**2 + 4*i + 1. Let n(c) = 5*c**3 + 7*c**2 - 2*c - 1. Let p(x) = 4*d(x) + 7*n(x). What is p(v)?
5
Let q be 8/(-6)*9/(-6). Let l(m) = 0*m - 2*m - 3 - 1 + 2. What is l(q)?
-6
Let q(a) = -a**3 + 2*a**2 - a + 1. Let g be (2 - (0 - -2)) + 3. Suppose -2*s - g*l = -7*l, 3*s - 3*l = 3. Let z = s - 0. Calculate q(z).
-1
Let f(i) = -i + 2. Let y be 57/76 - (1 - (-38)/8). Calculate f(y).
7
Let c(o) be the second derivative of o**3/6 - o**2/2 - 6*o. Give c(6).
5
Let i(l) = -l**2 - 1. Let w(f) be the third derivative of -f**6/120 + f**5/20 - f**4/12 + 5*f**3/6 - f**2. Let r(x) = -5*i(x) - w(x). Calculate r(-2).
-4
Let p(d) be the third derivative of 0*d + 0*d**3 + 0 - 1/24*d**4 + 1/20*d**5 + 3*d**2. What is p(2)?
10
Let s(i) be the first derivative of 3*i**2/2 - 11*i - 1. Let g(q) = -5*q + 17. Let n(a) = -5*g(a) - 8*s(a). Let t be -5*1*(-16)/(-20). Determine n(t).
-1
Let z(h) = 2 + 2*h + 1 - 2. Suppose -5*y = 11*y - 16. Calculate z(y).
3
Let m(o) be the second derivative of o**3/6 + 3*o**2 - o. Suppose -w + 0*w + 25 = 5*j, 3*j = 3*w + 15. Let i be (w - 0)/(1 + -2). What is m(i)?
6
Let w(v) = -4*v**2 - 1 + 14*v**3 - 23*v**3 - v - 2*v + 8*v**3. What is w(-2)?
-3
Suppose 4 = 4*q + 4*p, -5*q - 1 - 3 = -4*p. Let n(c) = 5*c**2 + c + 2. Let t(w) = 2*w**2. Let f(g) = n(g) - 2*t(g). What is f(q)?
2
Let m(s) = 5*s**3 - 2*s**2 + 12*s + 2. Let q(o) = -o**3 - o. Let h(g) = -m(g) - 6*q(g). Give h(-4).
-10
Suppose 5*v = -5*l - 24 - 21, 0 = 4*l + 3*v + 31. Let t(j) be the first derivative of 1/2*j**2 + 4/3*j**3 + 1/4*j**4 + 0*j + 4. Give t(l).
-4
Let d(w) be the first derivative of -w**3 + w**2 - w - 2. Calculate d(2).
-9
Suppose 0 = -2*f - 4*a + 16, 0*a = a - 4. Suppose f = 2*r + 4 - 10. Suppose 2*c - r = 3. Let q(d) = -2*d**2 + 3*d - 2. Give q(c).
-11
Let q(j) = j**2 - j + 1. Let m be 2/3 - 56/12. Let l(z) = 4*z**3 + 5*z**2 - 4*z + 3. Let y(w) = m*q(w) + l(w). Give y(-1).
-4
Suppose -5*n - 21 - 19 = 5*l, -5*l - n = 24. Let a(q) = 3*q + q + 8 - 2 + q**2. Calculate a(l).
6
Let c = 8 - 5. Let y(o) be the third derivative of 2*o**2 + 0*o**5 - 1/20*o**6 + 0*o**4 + 0*o**c + 0 + 0*o. Calculate y(1).
-6
Let w(c) = -5 - 5 - c**2 + 3*c - 9*c + 4. Calculate w(-6).
-6
Let d(w) be the second derivative of w**3/6 - w**2/2 + 2*w - 12. Let s = 7 + -3. Determine d(s).
3
Let y(x) = 4*x. Let o be (-6)/21 + (-8)/(-28). Suppose -2*a + h + 7 = o, -3*a + h + 4*h = -28. Calculate y(a).
4
Suppose 0 = -p + 1, 8*p - 4*p + 6 = 5*s. Let c be s/(3/((-3)/2)). Let t(q) = -8*q**3 + 2*q**2 + q. Give t(c).
9
Let v(t) = -t - 7. Let b(l) = -3*l - 14. Suppose 3*h = -3*a - 18, a + 0*a = -3*h - 14. Let m(w) = h*b(w) + 9*v(w). Let d be 36/8 + (-1)/(-2). Calculate m(d).
8
Let j(q) = -q**2 - q + 2*q**2 - 4 - 6 + 8. Determine j(-2).
4
Suppose 8 = 2*i - 14. Let z = 8 - i. Let w(l) = -l**2 - 3*l - 2. Determine w(z).
-2
Let t(o) = 2*o + 5 + 3 + 0 - 5*o. Give t(7).
-13
Let b(a) = a**3 - 5*a**2 - 4*a + 2. Let m(x) = x**3 + 6*x**2 + 5*x + 6. Let g be m(-5). Calculate b(g).
14
Let s(y) = -10*y**2 + 7*y - 3 + 10 + 9*y**2. What is s(7)?
7
Let t be 27/3 - (5 - 2). Let x(n) = -1 - 2 - 2*n + 11. Determine x(t).
-4
Suppose 9 = 19*w + 9. Let c(z) = -5 - 4*z**3 + 3*z**3 + 0*z**3. Give c(w).
-5
Let s(t) be the first derivative of -3*t**2/2 + t + 1. Let a(r) = -r**3 + 13*r**2 - 11*r - 14. Let q be a(12). Calculate s(q).
7
Let i = 6 - 1. Suppose -2*n - 5 - i = 0. Let q(k) = 2 + 0 + k**2 + 1 + 6*k. Determine q(n).
-2
Let s(v) = -7*v + 4. Let f(d) = 6*d - 3. Let h(b) = -5*f(b) - 4*s(b). Suppose -c + 0*c - m + 1 = 0, -c + 10 = -2*m. Give h(c).
-9
Let y(m) be the third derivative of 0*m - 8*m**2 + 1/24*m**4 + 0 + 1/3*m**3. What is y(2)?
4
Let r be 1/(-3 - 46/(-15)). Suppose -p = 4*c + 15, -5*p - c = c - r. Let y(k) = k**2 - 6*k - 2. Give y(p).
-7
Suppose 0 = -3*n - n. Let g(v) be the third derivative of 1/12*v**4 + 5/6*v**3 + v**2 + 0 + n*v. Give g(-5).
-5
Let k be 0 - (-1 + 2) - -1. Let u(w) = w + 4*w**3 + k*w**3 - 5*w**3 + 2*w**2. Suppose v - 2*v = -3*n - 14, 16 = -v - 3*n. Give u(v).
2
Suppose 34 = 3*r + 2*x, -3*r - x + 2*x + 19 = 0. Let d be (r/12)/(4/(-6)). Let v = d + 2. Let f(t) = -3*t**2 - 2*t + 1. Determine f(v).
-4
Let f(k) be the third derivative of k**5/60 + k**4/8 - k**3/3 + 7*k**2. What is f(-4)?
2
Let v(p) be the first derivative of -11*p**3/3 + p**2 + p - 31. Give v(-1).
-12
Let u be 12/16 - (-1)/4. Let l = -6 + u. Let q(m) = m**2 + 6*m + 1. Give q(l).
-4
Let q(p) = 3 - p - p + p**2 + 5*p. Suppose 9*r - r + 24 = 0. Give q(r).
3
Suppose 0 = -12*j + 9*j + 12. Let f(u) = 3*u - 4. What is f(j)?
8
Let r(b) = -b - 8. Suppose 0 = 3*g - 4*h - 12 + 40, -12 = g - 2*h. Calculate r(g).
-4
Let l be (16/(-12) - (-2)/6) + 1. Let z(p) = -p**3 - p - 9. Calculate z(l).
-9
Let w(f) = f**3 - 5*f - 4. Let j = -59 - -56. Calculate w(j).
-16
Let g(i) be the third derivative of -i**7/2520 - i**6/180 + i**5/24 + i**4/24 + 2*i**2. Let t(j) be the second derivative of g(j). What is t(-4)?
5
Suppose 5 = -3*o + 4*a, -3*o + 8*o - 3*a = -12. Suppose -v + 5 = 3. Let d(b) = 2 - 5*b**v + b**3 + 7*b**2 + 4*b + 3*b**2 - 2*b**2. Determine d(o).
-10
Suppose -22*g + 20*g = -6. Let z(n) be the third derivative of -1/6*n**g + 4*n**2 + 0 + 0*n + 0*n**4 + 2/15*n**5. Determine z(1).
7
Let y(k) = -3*k + k + 0*k + 57 - k**3 - 48 + 6*k**2. Determine y(6).
-3
Let m(s) = -6 + s**2 - 7 - 4 + 4*s + 21. Determine m(-3).
1
Let s(n) = n**3 - 4*n**2 - 3*n - 14. Let m(d) = -d**3 + 3*d**2 + 2*d + 14. Let y(r) = 4*m(r) + 3*s(r). Calculate y(0).
14
Let f be -2 - (-4)/(-8)*4. Let m(l) = l**3 + 3*l**2 - 2*l. Determine m(f).
-8
Let l be 0/(-1 + 1 + -1). Let w(m) = -2*m**3 - 7*m**2 - 7*m + 2. Let f be w(-3). Suppose -2*s + n + l*n - f = 0, n = s + 9. Let j(v) = v + 4. What is j(s)?
-1
Let x(w) = -5*w**3 + 4*w**2 - 3*w - 3. Let t(s) = -4*s**3 + 5*s**2 - 4*s - 3. Let n(j) = 4*t(j) - 3*x(j). What is n(7)?
-3
Let x(i) = i**3 - i**2 + 1. Suppose 4*l = 0, 0 = -5*u + 3*l + 2*l - 15. Suppose 4*m + 4*z + 34 - 14 = 0, 5*z = -5. Let o = u - m. Calculate x(o).
1
Let r = 5 + -1. Let g(m) = 4 - 5*m + 5*m - 2*m + r*m. Determine g(-3).
-2
Let a(k) = -16*k**2 + 6 - 14*k**2 + k**3 - k + 31*k**2. Suppose -2*l = -5*s